{"version":"1.0","provider_name":"Council of Rectors of Chilean Universities","provider_url":"https:\/\/consejoderectores.cl\/en","title":"Vicepresidente ejecutivo del CRUCH, Juan Manuel Zolezzi:\u201cEstamos optimistas de lo que pueda pasar en la Comisi\u00f3n Mixta\u201d - Consejo de Rectoras y Rectores de las Universidades Chilenas","type":"rich","width":600,"height":338,"html":"<blockquote class=\"wp-embedded-content\" data-secret=\"Zy3IkZU3Bw\"><a href=\"https:\/\/consejoderectores.cl\/en\/2020\/11\/26\/608935867ff83\/\">Executive Vice President of CRUCH, Juan Manuel Zolezzi: &quot;We are optimistic about what may happen in the Mixed Commission&quot;<\/a><\/blockquote><iframe sandbox=\"allow-scripts\" security=\"restricted\" src=\"https:\/\/consejoderectores.cl\/en\/2020\/11\/26\/608935867ff83\/embed\/#?secret=Zy3IkZU3Bw\" width=\"600\" height=\"338\" title=\"&#8220;Vicepresidente ejecutivo del CRUCH, Juan Manuel Zolezzi:\u201cEstamos optimistas de lo que pueda pasar en la Comisi\u00f3n Mixta\u201d&#8221; &#8212; Consejo de Rectoras y Rectores de las Universidades Chilenas\" data-secret=\"Zy3IkZU3Bw\" frameborder=\"0\" marginwidth=\"0\" marginheight=\"0\" scrolling=\"no\" class=\"wp-embedded-content\"><\/iframe><script type=\"text\/javascript\">\n\/* <![CDATA[ *\/\n\/*! This file is auto-generated *\/\n!function(d,l){\"use strict\";l.querySelector&&d.addEventListener&&\"undefined\"!=typeof URL&&(d.wp=d.wp||{},d.wp.receiveEmbedMessage||(d.wp.receiveEmbedMessage=function(e){var t=e.data;if((t||t.secret||t.message||t.value)&&!\/[^a-zA-Z0-9]\/.test(t.secret)){for(var s,r,n,a=l.querySelectorAll('iframe[data-secret=\"'+t.secret+'\"]'),o=l.querySelectorAll('blockquote[data-secret=\"'+t.secret+'\"]'),c=new RegExp(\"^https?:$\",\"i\"),i=0;i<o.length;i++)o[i].style.display=\"none\";for(i=0;i<a.length;i++)s=a[i],e.source===s.contentWindow&&(s.removeAttribute(\"style\"),\"height\"===t.message?(1e3<(r=parseInt(t.value,10))?r=1e3:~~r<200&&(r=200),s.height=r):\"link\"===t.message&&(r=new URL(s.getAttribute(\"src\")),n=new URL(t.value),c.test(n.protocol))&&n.host===r.host&&l.activeElement===s&&(d.top.location.href=t.value))}},d.addEventListener(\"message\",d.wp.receiveEmbedMessage,!1),l.addEventListener(\"DOMContentLoaded\",function(){for(var e,t,s=l.querySelectorAll(\"iframe.wp-embedded-content\"),r=0;r<s.length;r++)(t=(e=s[r]).getAttribute(\"data-secret\"))||(t=Math.random().toString(36).substring(2,12),e.src+=\"#?secret=\"+t,e.setAttribute(\"data-secret\",t)),e.contentWindow.postMessage({message:\"ready\",secret:t},\"*\")},!1)))}(window,document);\n\/\/# sourceURL=https:\/\/consejoderectores.cl\/wp-includes\/js\/wp-embed.min.js\n\/* ]]> *\/\n<\/script>","thumbnail_url":"https:\/\/consejoderectores.cl\/wp-content\/uploads\/2020\/11\/7_rector-Zolezzzi.jpg","thumbnail_width":275,"thumbnail_height":183,"description":"Respecto de la discusi\u00f3n del presupuesto 2021 para educaci\u00f3n superior, el rector de la USACH tambi\u00e9n se\u00f1al\u00f3 que \u201cel Consejo de Rectores es una diversidad de comunidades, con distintas formas de pensamiento; sin perjuicio de ello, hoy estamos cien por ciento unidos y comprometidos en llevar adelante esta tarea de rescatar y reponer los fondos [&hellip;]"}

Vicepresidente ejecutivo del CRUCH, Juan Manuel Zolezzi:“Estamos optimistas de lo que pueda pasar en la Comisión Mixta” - Consejo de Rectoras y Rectores de las Universidades Chilenas

<blockquote class="wp-embedded-content" data-secret="Zy3IkZU3Bw"><a href="https://consejoderectores.cl/en/2020/11/26/608935867ff83/">Executive Vice President of CRUCH, Juan Manuel Zolezzi: &quot;We are optimistic about what may happen in the Mixed Commission&quot;</a></blockquote><iframe sandbox="allow-scripts" security="restricted" src="https://consejoderectores.cl/en/2020/11/26/608935867ff83/embed/#?secret=Zy3IkZU3Bw" width="600" height="338" title="&#8220;Vicepresidente ejecutivo del CRUCH, Juan Manuel Zolezzi:“Estamos optimistas de lo que pueda pasar en la Comisión Mixta”&#8221; &#8212; Consejo de Rectoras y Rectores de las Universidades Chilenas" data-secret="Zy3IkZU3Bw" frameborder="0" marginwidth="0" marginheight="0" scrolling="no" class="wp-embedded-content"></iframe><script type="text/javascript">
/* <![CDATA[ */
/*! This file is auto-generated */
!function(d,l){"use strict";l.querySelector&&d.addEventListener&&"undefined"!=typeof URL&&(d.wp=d.wp||{},d.wp.receiveEmbedMessage||(d.wp.receiveEmbedMessage=function(e){var t=e.data;if((t||t.secret||t.message||t.value)&&!/[^a-zA-Z0-9]/.test(t.secret)){for(var s,r,n,a=l.querySelectorAll('iframe[data-secret="'+t.secret+'"]'),o=l.querySelectorAll('blockquote[data-secret="'+t.secret+'"]'),c=new RegExp("^https?:$","i"),i=0;i<o.length;i++)o[i].style.display="none";for(i=0;i<a.length;i++)s=a[i],e.source===s.contentWindow&&(s.removeAttribute("style"),"height"===t.message?(1e3<(r=parseInt(t.value,10))?r=1e3:~~r<200&&(r=200),s.height=r):"link"===t.message&&(r=new URL(s.getAttribute("src")),n=new URL(t.value),c.test(n.protocol))&&n.host===r.host&&l.activeElement===s&&(d.top.location.href=t.value))}},d.addEventListener("message",d.wp.receiveEmbedMessage,!1),l.addEventListener("DOMContentLoaded",function(){for(var e,t,s=l.querySelectorAll("iframe.wp-embedded-content"),r=0;r<s.length;r++)(t=(e=s[r]).getAttribute("data-secret"))||(t=Math.random().toString(36).substring(2,12),e.src+="#?secret="+t,e.setAttribute("data-secret",t)),e.contentWindow.postMessage({message:"ready",secret:t},"*")},!1)))}(window,document);
//# sourceURL=https://consejoderectores.cl/wp-includes/js/wp-embed.min.js
/* ]]> */
</script>

Respecto de la discusión del presupuesto 2021 para educación superior, el rector de la USACH también señaló que “el Consejo de Rectores es una diversidad de comunidades, con distintas formas de pensamiento; sin perjuicio de ello, hoy estamos cien por ciento unidos y comprometidos en llevar adelante esta tarea de rescatar y reponer los fondos [&hellip;]
