{"version":"1.0","provider_name":"Council of Rectors of Chilean Universities","provider_url":"https:\/\/consejoderectores.cl\/en","title":"Vicepresidente ejecutivo del CRUCH: \u201cDebemos contribuir a enriquecer la imaginaci\u00f3n que necesitamos para el desarrollo del pa\u00eds\u201d - Consejo de Rectoras y Rectores de las Universidades Chilenas","type":"rich","width":600,"height":338,"html":"<blockquote class=\"wp-embedded-content\" data-secret=\"D4K7Hv4RsB\"><a href=\"https:\/\/consejoderectores.cl\/en\/2019\/08\/21\/6152daa191590\/\">Executive Vice President of CRUCH: &quot;We must contribute to enrich the imagination we need for the development of the country&quot;<\/a><\/blockquote><iframe sandbox=\"allow-scripts\" security=\"restricted\" src=\"https:\/\/consejoderectores.cl\/en\/2019\/08\/21\/6152daa191590\/embed\/#?secret=D4K7Hv4RsB\" width=\"600\" height=\"338\" title=\"&#8220;Vicepresidente ejecutivo del CRUCH: \u201cDebemos contribuir a enriquecer la imaginaci\u00f3n que necesitamos para el desarrollo del pa\u00eds\u201d&#8221; &#8212; Consejo de Rectoras y Rectores de las Universidades Chilenas\" data-secret=\"D4K7Hv4RsB\" frameborder=\"0\" marginwidth=\"0\" marginheight=\"0\" scrolling=\"no\" class=\"wp-embedded-content\"><\/iframe><script type=\"text\/javascript\">\n\/* <![CDATA[ *\/\n\/*! This file is auto-generated *\/\n!function(d,l){\"use strict\";l.querySelector&&d.addEventListener&&\"undefined\"!=typeof URL&&(d.wp=d.wp||{},d.wp.receiveEmbedMessage||(d.wp.receiveEmbedMessage=function(e){var t=e.data;if((t||t.secret||t.message||t.value)&&!\/[^a-zA-Z0-9]\/.test(t.secret)){for(var s,r,n,a=l.querySelectorAll('iframe[data-secret=\"'+t.secret+'\"]'),o=l.querySelectorAll('blockquote[data-secret=\"'+t.secret+'\"]'),c=new RegExp(\"^https?:$\",\"i\"),i=0;i<o.length;i++)o[i].style.display=\"none\";for(i=0;i<a.length;i++)s=a[i],e.source===s.contentWindow&&(s.removeAttribute(\"style\"),\"height\"===t.message?(1e3<(r=parseInt(t.value,10))?r=1e3:~~r<200&&(r=200),s.height=r):\"link\"===t.message&&(r=new URL(s.getAttribute(\"src\")),n=new URL(t.value),c.test(n.protocol))&&n.host===r.host&&l.activeElement===s&&(d.top.location.href=t.value))}},d.addEventListener(\"message\",d.wp.receiveEmbedMessage,!1),l.addEventListener(\"DOMContentLoaded\",function(){for(var e,t,s=l.querySelectorAll(\"iframe.wp-embedded-content\"),r=0;r<s.length;r++)(t=(e=s[r]).getAttribute(\"data-secret\"))||(t=Math.random().toString(36).substring(2,12),e.src+=\"#?secret=\"+t,e.setAttribute(\"data-secret\",t)),e.contentWindow.postMessage({message:\"ready\",secret:t},\"*\")},!1)))}(window,document);\n\/\/# sourceURL=https:\/\/consejoderectores.cl\/wp-includes\/js\/wp-embed.min.js\n\/* ]]> *\/\n<\/script>","thumbnail_url":"https:\/\/consejoderectores.cl\/wp-content\/uploads\/2019\/08\/21.08.2019-FOTO-DESTACADA-CONMEMORACION-CRUCH.jpg","thumbnail_width":2292,"thumbnail_height":1586,"description":"En el marco de la conmemoraci\u00f3n de los 65 a\u00f1os de la instituci\u00f3n, su vicepresidente ejecutivo, Aldo Valle, sostuvo que el Consejo de Rectores ha sido \u201cun reconocido interlocutor en las pol\u00edticas p\u00fablicas de educaci\u00f3n superior, ante al Gobierno y a otro tipo de intereses y corporaciones\u201d. \u201cDebemos contribuir a enriquecer la imaginaci\u00f3n que necesitamos [&hellip;]"}

Vicepresidente ejecutivo del CRUCH: “Debemos contribuir a enriquecer la imaginación que necesitamos para el desarrollo del país” - Consejo de Rectoras y Rectores de las Universidades Chilenas

<blockquote class="wp-embedded-content" data-secret="D4K7Hv4RsB"><a href="https://consejoderectores.cl/en/2019/08/21/6152daa191590/">Executive Vice President of CRUCH: &quot;We must contribute to enrich the imagination we need for the development of the country&quot;</a></blockquote><iframe sandbox="allow-scripts" security="restricted" src="https://consejoderectores.cl/en/2019/08/21/6152daa191590/embed/#?secret=D4K7Hv4RsB" width="600" height="338" title="&#8220;Vicepresidente ejecutivo del CRUCH: “Debemos contribuir a enriquecer la imaginación que necesitamos para el desarrollo del país”&#8221; &#8212; Consejo de Rectoras y Rectores de las Universidades Chilenas" data-secret="D4K7Hv4RsB" frameborder="0" marginwidth="0" marginheight="0" scrolling="no" class="wp-embedded-content"></iframe><script type="text/javascript">
/* <![CDATA[ */
/*! This file is auto-generated */
!function(d,l){"use strict";l.querySelector&&d.addEventListener&&"undefined"!=typeof URL&&(d.wp=d.wp||{},d.wp.receiveEmbedMessage||(d.wp.receiveEmbedMessage=function(e){var t=e.data;if((t||t.secret||t.message||t.value)&&!/[^a-zA-Z0-9]/.test(t.secret)){for(var s,r,n,a=l.querySelectorAll('iframe[data-secret="'+t.secret+'"]'),o=l.querySelectorAll('blockquote[data-secret="'+t.secret+'"]'),c=new RegExp("^https?:$","i"),i=0;i<o.length;i++)o[i].style.display="none";for(i=0;i<a.length;i++)s=a[i],e.source===s.contentWindow&&(s.removeAttribute("style"),"height"===t.message?(1e3<(r=parseInt(t.value,10))?r=1e3:~~r<200&&(r=200),s.height=r):"link"===t.message&&(r=new URL(s.getAttribute("src")),n=new URL(t.value),c.test(n.protocol))&&n.host===r.host&&l.activeElement===s&&(d.top.location.href=t.value))}},d.addEventListener("message",d.wp.receiveEmbedMessage,!1),l.addEventListener("DOMContentLoaded",function(){for(var e,t,s=l.querySelectorAll("iframe.wp-embedded-content"),r=0;r<s.length;r++)(t=(e=s[r]).getAttribute("data-secret"))||(t=Math.random().toString(36).substring(2,12),e.src+="#?secret="+t,e.setAttribute("data-secret",t)),e.contentWindow.postMessage({message:"ready",secret:t},"*")},!1)))}(window,document);
//# sourceURL=https://consejoderectores.cl/wp-includes/js/wp-embed.min.js
/* ]]> */
</script>

En el marco de la conmemoración de los 65 años de la institución, su vicepresidente ejecutivo, Aldo Valle, sostuvo que el Consejo de Rectores ha sido “un reconocido interlocutor en las políticas públicas de educación superior, ante al Gobierno y a otro tipo de intereses y corporaciones”. “Debemos contribuir a enriquecer la imaginación que necesitamos [&hellip;]
