{"version":"1.0","provider_name":"Council of Rectors of Chilean Universities","provider_url":"https:\/\/consejoderectores.cl\/en","title":"Rector Aldo Valle por los 65 a\u00f1os del CRUCH: \u201cEl rol m\u00e1s sustantivo y significativo que desempe\u00f1a el Consejo de Rectores es ser un interlocutor independiente en pol\u00edticas p\u00fablicas de educaci\u00f3n superior, respecto del Gobierno y de otro tipo de corporaciones\u201d - Consejo de Rectoras y Rectores de las Universidades Chilenas","type":"rich","width":600,"height":338,"html":"<blockquote class=\"wp-embedded-content\" data-secret=\"ItG62NVV5g\"><a href=\"https:\/\/consejoderectores.cl\/en\/2019\/08\/14\/6152daa191511\/\">Rector Aldo Valle for the 65 years of CRUCH: &quot;The most substantive and significant role played by the Council of Rectors is to be an independent interlocutor in public policies of higher education, with respect to the Government and other types of corporations&quot;<\/a><\/blockquote><iframe sandbox=\"allow-scripts\" security=\"restricted\" src=\"https:\/\/consejoderectores.cl\/en\/2019\/08\/14\/6152daa191511\/embed\/#?secret=ItG62NVV5g\" width=\"600\" height=\"338\" title=\"&#8220;Rector Aldo Valle por los 65 a\u00f1os del CRUCH: \u201cEl rol m\u00e1s sustantivo y significativo que desempe\u00f1a el Consejo de Rectores es ser un interlocutor independiente en pol\u00edticas p\u00fablicas de educaci\u00f3n superior, respecto del Gobierno y de otro tipo de corporaciones\u201d&#8221; &#8212; Consejo de Rectoras y Rectores de las Universidades Chilenas\" data-secret=\"ItG62NVV5g\" frameborder=\"0\" marginwidth=\"0\" marginheight=\"0\" scrolling=\"no\" class=\"wp-embedded-content\"><\/iframe><script type=\"text\/javascript\">\n\/* <![CDATA[ *\/\n\/*! This file is auto-generated *\/\n!function(d,l){\"use strict\";l.querySelector&&d.addEventListener&&\"undefined\"!=typeof URL&&(d.wp=d.wp||{},d.wp.receiveEmbedMessage||(d.wp.receiveEmbedMessage=function(e){var t=e.data;if((t||t.secret||t.message||t.value)&&!\/[^a-zA-Z0-9]\/.test(t.secret)){for(var s,r,n,a=l.querySelectorAll('iframe[data-secret=\"'+t.secret+'\"]'),o=l.querySelectorAll('blockquote[data-secret=\"'+t.secret+'\"]'),c=new RegExp(\"^https?:$\",\"i\"),i=0;i<o.length;i++)o[i].style.display=\"none\";for(i=0;i<a.length;i++)s=a[i],e.source===s.contentWindow&&(s.removeAttribute(\"style\"),\"height\"===t.message?(1e3<(r=parseInt(t.value,10))?r=1e3:~~r<200&&(r=200),s.height=r):\"link\"===t.message&&(r=new URL(s.getAttribute(\"src\")),n=new URL(t.value),c.test(n.protocol))&&n.host===r.host&&l.activeElement===s&&(d.top.location.href=t.value))}},d.addEventListener(\"message\",d.wp.receiveEmbedMessage,!1),l.addEventListener(\"DOMContentLoaded\",function(){for(var e,t,s=l.querySelectorAll(\"iframe.wp-embedded-content\"),r=0;r<s.length;r++)(t=(e=s[r]).getAttribute(\"data-secret\"))||(t=Math.random().toString(36).substring(2,12),e.src+=\"#?secret=\"+t,e.setAttribute(\"data-secret\",t)),e.contentWindow.postMessage({message:\"ready\",secret:t},\"*\")},!1)))}(window,document);\n\/\/# sourceURL=https:\/\/consejoderectores.cl\/wp-includes\/js\/wp-embed.min.js\n\/* ]]> *\/\n<\/script>","thumbnail_url":"https:\/\/consejoderectores.cl\/wp-content\/uploads\/2019\/08\/14.08.2019-ANIVERSARIO-CRUCH-scaled.jpg","thumbnail_width":2560,"thumbnail_height":1711,"description":"A juicio del vicepresidente ejecutivo de este organismo p\u00fablico, la independencia del CRUCH \u201cse debe a su car\u00e1cter representativo de diversas tradiciones intelectuales y culturales presentes en el pa\u00eds\u201d. A trav\u00e9s de las universidades que lo integran, el Consejo \u201crecoge esas inveteradas tradiciones de la cultura y del pensamiento, que en la historia de Chile [&hellip;]"}

Rector Aldo Valle por los 65 años del CRUCH: “El rol más sustantivo y significativo que desempeña el Consejo de Rectores es ser un interlocutor independiente en políticas públicas de educación superior, respecto del Gobierno y de otro tipo de corporaciones” - Consejo de Rectoras y Rectores de las Universidades Chilenas

<blockquote class="wp-embedded-content" data-secret="ItG62NVV5g"><a href="https://consejoderectores.cl/en/2019/08/14/6152daa191511/">Rector Aldo Valle for the 65 years of CRUCH: &quot;The most substantive and significant role played by the Council of Rectors is to be an independent interlocutor in public policies of higher education, with respect to the Government and other types of corporations&quot;</a></blockquote><iframe sandbox="allow-scripts" security="restricted" src="https://consejoderectores.cl/en/2019/08/14/6152daa191511/embed/#?secret=ItG62NVV5g" width="600" height="338" title="&#8220;Rector Aldo Valle por los 65 años del CRUCH: “El rol más sustantivo y significativo que desempeña el Consejo de Rectores es ser un interlocutor independiente en políticas públicas de educación superior, respecto del Gobierno y de otro tipo de corporaciones”&#8221; &#8212; Consejo de Rectoras y Rectores de las Universidades Chilenas" data-secret="ItG62NVV5g" frameborder="0" marginwidth="0" marginheight="0" scrolling="no" class="wp-embedded-content"></iframe><script type="text/javascript">
/* <![CDATA[ */
/*! This file is auto-generated */
!function(d,l){"use strict";l.querySelector&&d.addEventListener&&"undefined"!=typeof URL&&(d.wp=d.wp||{},d.wp.receiveEmbedMessage||(d.wp.receiveEmbedMessage=function(e){var t=e.data;if((t||t.secret||t.message||t.value)&&!/[^a-zA-Z0-9]/.test(t.secret)){for(var s,r,n,a=l.querySelectorAll('iframe[data-secret="'+t.secret+'"]'),o=l.querySelectorAll('blockquote[data-secret="'+t.secret+'"]'),c=new RegExp("^https?:$","i"),i=0;i<o.length;i++)o[i].style.display="none";for(i=0;i<a.length;i++)s=a[i],e.source===s.contentWindow&&(s.removeAttribute("style"),"height"===t.message?(1e3<(r=parseInt(t.value,10))?r=1e3:~~r<200&&(r=200),s.height=r):"link"===t.message&&(r=new URL(s.getAttribute("src")),n=new URL(t.value),c.test(n.protocol))&&n.host===r.host&&l.activeElement===s&&(d.top.location.href=t.value))}},d.addEventListener("message",d.wp.receiveEmbedMessage,!1),l.addEventListener("DOMContentLoaded",function(){for(var e,t,s=l.querySelectorAll("iframe.wp-embedded-content"),r=0;r<s.length;r++)(t=(e=s[r]).getAttribute("data-secret"))||(t=Math.random().toString(36).substring(2,12),e.src+="#?secret="+t,e.setAttribute("data-secret",t)),e.contentWindow.postMessage({message:"ready",secret:t},"*")},!1)))}(window,document);
//# sourceURL=https://consejoderectores.cl/wp-includes/js/wp-embed.min.js
/* ]]> */
</script>

A juicio del vicepresidente ejecutivo de este organismo público, la independencia del CRUCH “se debe a su carácter representativo de diversas tradiciones intelectuales y culturales presentes en el país”. A través de las universidades que lo integran, el Consejo “recoge esas inveteradas tradiciones de la cultura y del pensamiento, que en la historia de Chile [&hellip;]
