{"version":"1.0","provider_name":"Council of Rectors of Chilean Universities","provider_url":"https:\/\/consejoderectores.cl\/en","title":"Vicepresidente ejecutivo del CRUCH: \u201cA los problemas sociales no cabe cerrarles la puerta, hay que asumirlos y dialogar con quienes efectivamente pueden contribuir a mejores soluciones\u201d - Consejo de Rectoras y Rectores de las Universidades Chilenas","type":"rich","width":600,"height":338,"html":"<blockquote class=\"wp-embedded-content\" data-secret=\"cjbHFZQ1mV\"><a href=\"https:\/\/consejoderectores.cl\/en\/2019\/03\/28\/6152dadbccd59\/\">Executive Vice President of CRUCH: &quot;The door cannot be closed on social problems, we must assume them and dialogue with those who can effectively contribute to better solutions&quot;<\/a><\/blockquote><iframe sandbox=\"allow-scripts\" security=\"restricted\" src=\"https:\/\/consejoderectores.cl\/en\/2019\/03\/28\/6152dadbccd59\/embed\/#?secret=cjbHFZQ1mV\" width=\"600\" height=\"338\" title=\"&#8220;Vicepresidente ejecutivo del CRUCH: \u201cA los problemas sociales no cabe cerrarles la puerta, hay que asumirlos y dialogar con quienes efectivamente pueden contribuir a mejores soluciones\u201d&#8221; &#8212; Consejo de Rectoras y Rectores de las Universidades Chilenas\" data-secret=\"cjbHFZQ1mV\" frameborder=\"0\" marginwidth=\"0\" marginheight=\"0\" scrolling=\"no\" class=\"wp-embedded-content\"><\/iframe><script type=\"text\/javascript\">\n\/* <![CDATA[ *\/\n\/*! This file is auto-generated *\/\n!function(d,l){\"use strict\";l.querySelector&&d.addEventListener&&\"undefined\"!=typeof URL&&(d.wp=d.wp||{},d.wp.receiveEmbedMessage||(d.wp.receiveEmbedMessage=function(e){var t=e.data;if((t||t.secret||t.message||t.value)&&!\/[^a-zA-Z0-9]\/.test(t.secret)){for(var s,r,n,a=l.querySelectorAll('iframe[data-secret=\"'+t.secret+'\"]'),o=l.querySelectorAll('blockquote[data-secret=\"'+t.secret+'\"]'),c=new RegExp(\"^https?:$\",\"i\"),i=0;i<o.length;i++)o[i].style.display=\"none\";for(i=0;i<a.length;i++)s=a[i],e.source===s.contentWindow&&(s.removeAttribute(\"style\"),\"height\"===t.message?(1e3<(r=parseInt(t.value,10))?r=1e3:~~r<200&&(r=200),s.height=r):\"link\"===t.message&&(r=new URL(s.getAttribute(\"src\")),n=new URL(t.value),c.test(n.protocol))&&n.host===r.host&&l.activeElement===s&&(d.top.location.href=t.value))}},d.addEventListener(\"message\",d.wp.receiveEmbedMessage,!1),l.addEventListener(\"DOMContentLoaded\",function(){for(var e,t,s=l.querySelectorAll(\"iframe.wp-embedded-content\"),r=0;r<s.length;r++)(t=(e=s[r]).getAttribute(\"data-secret\"))||(t=Math.random().toString(36).substring(2,12),e.src+=\"#?secret=\"+t,e.setAttribute(\"data-secret\",t)),e.contentWindow.postMessage({message:\"ready\",secret:t},\"*\")},!1)))}(window,document);\n\/\/# sourceURL=https:\/\/consejoderectores.cl\/wp-includes\/js\/wp-embed.min.js\n\/* ]]> *\/\n<\/script>","thumbnail_url":"https:\/\/consejoderectores.cl\/wp-content\/uploads\/2019\/03\/28.03.2019-FOTO-DESTACADA-Vicepresidente-ejecutivo-del-CRUCH-copia-scaled.jpg","thumbnail_width":2560,"thumbnail_height":1711,"description":"El rector Aldo Valle anunci\u00f3 que el Consejo de Rectores de las Universidades Chilenas enviar\u00e1 una propuesta a la ministra de Educaci\u00f3n para abordar la situaci\u00f3n de los estudiantes que perder\u00e1n la Gratuidad por exceder la duraci\u00f3n formal de sus carreras. La propuesta del Consejo buscar\u00e1 \u201cevitar el menoscabo que, hasta ahora, la aplicaci\u00f3n de [&hellip;]"}

El rector Aldo Valle anunció que el Consejo de Rectores de las Universidades Chilenas enviará una propuesta a la ministra de Educación para abordar la situación de los estudiantes que perderán la Gratuidad por exceder la duración formal de sus carreras. La propuesta del Consejo buscará “evitar el menoscabo que, hasta ahora, la aplicación de [&hellip;]
