{"version":"1.0","provider_name":"Council of Rectors of Chilean Universities","provider_url":"https:\/\/consejoderectores.cl\/en","title":"Autoridades del CRUCH reciben a rectores de las universidades Diego Portales y Alberto Hurtado que se integran al Consejo - Consejo de Rectoras y Rectores de las Universidades Chilenas","type":"rich","width":600,"height":338,"html":"<blockquote class=\"wp-embedded-content\" data-secret=\"5D00QS9h3E\"><a href=\"https:\/\/consejoderectores.cl\/en\/2019\/03\/21\/6152daa190c95\/\">CRUCH authorities receive the rectors of the Diego Portales and Alberto Hurtado universities who join the Council<\/a><\/blockquote><iframe sandbox=\"allow-scripts\" security=\"restricted\" src=\"https:\/\/consejoderectores.cl\/en\/2019\/03\/21\/6152daa190c95\/embed\/#?secret=5D00QS9h3E\" width=\"600\" height=\"338\" title=\"\u201cCRUCH authorities welcome the rectors of Diego Portales and Alberto Hurtado universities who are joining the Council\u201d \u2014 Council of Rectors of Chilean Universities\" data-secret=\"5D00QS9h3E\" frameborder=\"0\" marginwidth=\"0\" marginheight=\"0\" scrolling=\"no\" class=\"wp-embedded-content\"><\/iframe><script type=\"text\/javascript\">\n\/* <![CDATA[ *\/\n\/*! This file is auto-generated *\/\n!function(d,l){\"use strict\";l.querySelector&&d.addEventListener&&\"undefined\"!=typeof URL&&(d.wp=d.wp||{},d.wp.receiveEmbedMessage||(d.wp.receiveEmbedMessage=function(e){var t=e.data;if((t||t.secret||t.message||t.value)&&!\/[^a-zA-Z0-9]\/.test(t.secret)){for(var s,r,n,a=l.querySelectorAll('iframe[data-secret=\"'+t.secret+'\"]'),o=l.querySelectorAll('blockquote[data-secret=\"'+t.secret+'\"]'),c=new RegExp(\"^https?:$\",\"i\"),i=0;i<o.length;i++)o[i].style.display=\"none\";for(i=0;i<a.length;i++)s=a[i],e.source===s.contentWindow&&(s.removeAttribute(\"style\"),\"height\"===t.message?(1e3<(r=parseInt(t.value,10))?r=1e3:~~r<200&&(r=200),s.height=r):\"link\"===t.message&&(r=new URL(s.getAttribute(\"src\")),n=new URL(t.value),c.test(n.protocol))&&n.host===r.host&&l.activeElement===s&&(d.top.location.href=t.value))}},d.addEventListener(\"message\",d.wp.receiveEmbedMessage,!1),l.addEventListener(\"DOMContentLoaded\",function(){for(var e,t,s=l.querySelectorAll(\"iframe.wp-embedded-content\"),r=0;r<s.length;r++)(t=(e=s[r]).getAttribute(\"data-secret\"))||(t=Math.random().toString(36).substring(2,12),e.src+=\"#?secret=\"+t,e.setAttribute(\"data-secret\",t)),e.contentWindow.postMessage({message:\"ready\",secret:t},\"*\")},!1)))}(window,document);\n\/\/# sourceURL=https:\/\/consejoderectores.cl\/wp-includes\/js\/wp-embed.min.js\n\/* ]]> *\/\n<\/script>","thumbnail_url":"https:\/\/consejoderectores.cl\/wp-content\/uploads\/2019\/03\/21.03.2019-FOTO-DESTACADA-Autoridades-del-CRUCH-reciben-a-rectores--scaled.jpg","thumbnail_width":2560,"thumbnail_height":1711,"description":"El vicepresidente ejecutivo, rector Aldo Valle, encabez\u00f3 una reuni\u00f3n este jueves 21 de marzo con los rectores Carlos Pe\u00f1a y Eduardo Silva. Los dos nuevos rectores participar\u00e1n por primera vez en la sesi\u00f3n mensual del CRUCH, que se efectuar\u00e1 el pr\u00f3ximo jueves 28 de marzo en Santiago. \u201cPara nosotros es una ocasi\u00f3n que tiene car\u00e1cter [&hellip;]"}

El vicepresidente ejecutivo, rector Aldo Valle, encabezó una reunión este jueves 21 de marzo con los rectores Carlos Peña y Eduardo Silva. Los dos nuevos rectores participarán por primera vez en la sesión mensual del CRUCH, que se efectuará el próximo jueves 28 de marzo en Santiago. “Para nosotros es una ocasión que tiene carácter [&hellip;]
