{"version":"1.0","provider_name":"Council of Rectors of Chilean Universities","provider_url":"https:\/\/consejoderectores.cl\/en","title":"Vicepresidente Ejecutivo del CRUCH, rector Aldo Valle: \u201cHay algunos puntajes nacionales que queremos destacar muy especialmente, porque representan logros sobresalientes\u201d - Consejo de Rectoras y Rectores de las Universidades Chilenas","type":"rich","width":600,"height":338,"html":"<blockquote class=\"wp-embedded-content\" data-secret=\"urG1lQo2NV\"><a href=\"https:\/\/consejoderectores.cl\/en\/2018\/12\/22\/6152dadbce035\/\">Executive Vice President of CRUCH, rector Aldo Valle: &quot;There are some national scores that we want to highlight very especially, because they represent outstanding achievements&quot;<\/a><\/blockquote><iframe sandbox=\"allow-scripts\" security=\"restricted\" src=\"https:\/\/consejoderectores.cl\/en\/2018\/12\/22\/6152dadbce035\/embed\/#?secret=urG1lQo2NV\" width=\"600\" height=\"338\" title=\"&#8220;Vicepresidente Ejecutivo del CRUCH, rector Aldo Valle: \u201cHay algunos puntajes nacionales que queremos destacar muy especialmente, porque representan logros sobresalientes\u201d&#8221; &#8212; Consejo de Rectoras y Rectores de las Universidades Chilenas\" data-secret=\"urG1lQo2NV\" frameborder=\"0\" marginwidth=\"0\" marginheight=\"0\" scrolling=\"no\" class=\"wp-embedded-content\"><\/iframe><script type=\"text\/javascript\">\n\/* <![CDATA[ *\/\n\/*! This file is auto-generated *\/\n!function(d,l){\"use strict\";l.querySelector&&d.addEventListener&&\"undefined\"!=typeof URL&&(d.wp=d.wp||{},d.wp.receiveEmbedMessage||(d.wp.receiveEmbedMessage=function(e){var t=e.data;if((t||t.secret||t.message||t.value)&&!\/[^a-zA-Z0-9]\/.test(t.secret)){for(var s,r,n,a=l.querySelectorAll('iframe[data-secret=\"'+t.secret+'\"]'),o=l.querySelectorAll('blockquote[data-secret=\"'+t.secret+'\"]'),c=new RegExp(\"^https?:$\",\"i\"),i=0;i<o.length;i++)o[i].style.display=\"none\";for(i=0;i<a.length;i++)s=a[i],e.source===s.contentWindow&&(s.removeAttribute(\"style\"),\"height\"===t.message?(1e3<(r=parseInt(t.value,10))?r=1e3:~~r<200&&(r=200),s.height=r):\"link\"===t.message&&(r=new URL(s.getAttribute(\"src\")),n=new URL(t.value),c.test(n.protocol))&&n.host===r.host&&l.activeElement===s&&(d.top.location.href=t.value))}},d.addEventListener(\"message\",d.wp.receiveEmbedMessage,!1),l.addEventListener(\"DOMContentLoaded\",function(){for(var e,t,s=l.querySelectorAll(\"iframe.wp-embedded-content\"),r=0;r<s.length;r++)(t=(e=s[r]).getAttribute(\"data-secret\"))||(t=Math.random().toString(36).substring(2,12),e.src+=\"#?secret=\"+t,e.setAttribute(\"data-secret\",t)),e.contentWindow.postMessage({message:\"ready\",secret:t},\"*\")},!1)))}(window,document);\n\/\/# sourceURL=https:\/\/consejoderectores.cl\/wp-includes\/js\/wp-embed.min.js\n\/* ]]> *\/\n<\/script>","thumbnail_url":"https:\/\/consejoderectores.cl\/wp-content\/uploads\/2021\/10\/declaraciones-publicas.jpg","thumbnail_width":1024,"thumbnail_height":500,"description":"Para este Proceso de Admisi\u00f3n 2019 se registraron un total de 211 puntajes nacionales y m\u00e1ximos en las Pruebas de Selecci\u00f3n Universitaria (PSU) entre quienes egresaron de cuarto medio este a\u00f1o. \u201cEn este Proceso de Admisi\u00f3n 2019 hay algunos puntajes nacionales que queremos destacar muy especialmente, porque representan logros sobresalientes. En esta oportunidad, hay 14 [&hellip;]"}

Para este Proceso de Admisión 2019 se registraron un total de 211 puntajes nacionales y máximos en las Pruebas de Selección Universitaria (PSU) entre quienes egresaron de cuarto medio este año. “En este Proceso de Admisión 2019 hay algunos puntajes nacionales que queremos destacar muy especialmente, porque representan logros sobresalientes. En esta oportunidad, hay 14 [&hellip;]
