{"version":"1.0","provider_name":"Council of Rectors of Chilean Universities","provider_url":"https:\/\/consejoderectores.cl\/en","title":"Rector Aldo Valle: \"Al Consejo de Rectores le corresponde estar en la primera fila de la reforma de educaci\u00f3n superior\" - Consejo de Rectoras y Rectores de las Universidades Chilenas","type":"rich","width":600,"height":338,"html":"<blockquote class=\"wp-embedded-content\" data-secret=\"n8d4TPBIYY\"><a href=\"https:\/\/consejoderectores.cl\/en\/2015\/03\/26\/603c6d807e107\/\">Rector Aldo Valle: &quot;The Council of Rectors has a responsibility to be at the forefront of higher education reform.&quot;\u00ab<\/a><\/blockquote><iframe sandbox=\"allow-scripts\" security=\"restricted\" src=\"https:\/\/consejoderectores.cl\/en\/2015\/03\/26\/603c6d807e107\/embed\/#?secret=n8d4TPBIYY\" width=\"600\" height=\"338\" title=\"&#8220;Rector Aldo Valle: \u00abAl Consejo de Rectores le corresponde estar en la primera fila de la reforma de educaci\u00f3n superior\u00bb&#8221; &#8212; Consejo de Rectoras y Rectores de las Universidades Chilenas\" data-secret=\"n8d4TPBIYY\" frameborder=\"0\" marginwidth=\"0\" marginheight=\"0\" scrolling=\"no\" class=\"wp-embedded-content\"><\/iframe><script type=\"text\/javascript\">\n\/* <![CDATA[ *\/\n\/*! This file is auto-generated *\/\n!function(d,l){\"use strict\";l.querySelector&&d.addEventListener&&\"undefined\"!=typeof URL&&(d.wp=d.wp||{},d.wp.receiveEmbedMessage||(d.wp.receiveEmbedMessage=function(e){var t=e.data;if((t||t.secret||t.message||t.value)&&!\/[^a-zA-Z0-9]\/.test(t.secret)){for(var s,r,n,a=l.querySelectorAll('iframe[data-secret=\"'+t.secret+'\"]'),o=l.querySelectorAll('blockquote[data-secret=\"'+t.secret+'\"]'),c=new RegExp(\"^https?:$\",\"i\"),i=0;i<o.length;i++)o[i].style.display=\"none\";for(i=0;i<a.length;i++)s=a[i],e.source===s.contentWindow&&(s.removeAttribute(\"style\"),\"height\"===t.message?(1e3<(r=parseInt(t.value,10))?r=1e3:~~r<200&&(r=200),s.height=r):\"link\"===t.message&&(r=new URL(s.getAttribute(\"src\")),n=new URL(t.value),c.test(n.protocol))&&n.host===r.host&&l.activeElement===s&&(d.top.location.href=t.value))}},d.addEventListener(\"message\",d.wp.receiveEmbedMessage,!1),l.addEventListener(\"DOMContentLoaded\",function(){for(var e,t,s=l.querySelectorAll(\"iframe.wp-embedded-content\"),r=0;r<s.length;r++)(t=(e=s[r]).getAttribute(\"data-secret\"))||(t=Math.random().toString(36).substring(2,12),e.src+=\"#?secret=\"+t,e.setAttribute(\"data-secret\",t)),e.contentWindow.postMessage({message:\"ready\",secret:t},\"*\")},!1)))}(window,document);\n\/\/# sourceURL=https:\/\/consejoderectores.cl\/wp-includes\/js\/wp-embed.min.js\n\/* ]]> *\/\n<\/script>","thumbnail_url":"https:\/\/consejoderectores.cl\/wp-content\/uploads\/2015\/03\/img_n2f.jpg","thumbnail_width":720,"thumbnail_height":405,"description":"El rector Valle, de la Universidad de Valpara\u00edso, encabezar\u00e1 el nuevo comit\u00e9 ejecutivo del Consejo de Rectores, integrado tambi\u00e9n por los rectores de la U. Cat\u00f3lica del Maule, U. de Chile, U. de Concepci\u00f3n, U. de Playa Ancha, U. Federico Santa Mar\u00eda y de la U. de La Frontera. El rector Juan Manuel Zolezzi fue [&hellip;]"}

Rector Aldo Valle: "Al Consejo de Rectores le corresponde estar en la primera fila de la reforma de educación superior" - Consejo de Rectoras y Rectores de las Universidades Chilenas

<blockquote class="wp-embedded-content" data-secret="n8d4TPBIYY"><a href="https://consejoderectores.cl/en/2015/03/26/603c6d807e107/">Rector Aldo Valle: &quot;The Council of Rectors has a responsibility to be at the forefront of higher education reform.&quot;«</a></blockquote><iframe sandbox="allow-scripts" security="restricted" src="https://consejoderectores.cl/en/2015/03/26/603c6d807e107/embed/#?secret=n8d4TPBIYY" width="600" height="338" title="&#8220;Rector Aldo Valle: «Al Consejo de Rectores le corresponde estar en la primera fila de la reforma de educación superior»&#8221; &#8212; Consejo de Rectoras y Rectores de las Universidades Chilenas" data-secret="n8d4TPBIYY" frameborder="0" marginwidth="0" marginheight="0" scrolling="no" class="wp-embedded-content"></iframe><script type="text/javascript">
/* <![CDATA[ */
/*! This file is auto-generated */
!function(d,l){"use strict";l.querySelector&&d.addEventListener&&"undefined"!=typeof URL&&(d.wp=d.wp||{},d.wp.receiveEmbedMessage||(d.wp.receiveEmbedMessage=function(e){var t=e.data;if((t||t.secret||t.message||t.value)&&!/[^a-zA-Z0-9]/.test(t.secret)){for(var s,r,n,a=l.querySelectorAll('iframe[data-secret="'+t.secret+'"]'),o=l.querySelectorAll('blockquote[data-secret="'+t.secret+'"]'),c=new RegExp("^https?:$","i"),i=0;i<o.length;i++)o[i].style.display="none";for(i=0;i<a.length;i++)s=a[i],e.source===s.contentWindow&&(s.removeAttribute("style"),"height"===t.message?(1e3<(r=parseInt(t.value,10))?r=1e3:~~r<200&&(r=200),s.height=r):"link"===t.message&&(r=new URL(s.getAttribute("src")),n=new URL(t.value),c.test(n.protocol))&&n.host===r.host&&l.activeElement===s&&(d.top.location.href=t.value))}},d.addEventListener("message",d.wp.receiveEmbedMessage,!1),l.addEventListener("DOMContentLoaded",function(){for(var e,t,s=l.querySelectorAll("iframe.wp-embedded-content"),r=0;r<s.length;r++)(t=(e=s[r]).getAttribute("data-secret"))||(t=Math.random().toString(36).substring(2,12),e.src+="#?secret="+t,e.setAttribute("data-secret",t)),e.contentWindow.postMessage({message:"ready",secret:t},"*")},!1)))}(window,document);
//# sourceURL=https://consejoderectores.cl/wp-includes/js/wp-embed.min.js
/* ]]> */
</script>

El rector Valle, de la Universidad de Valparaíso, encabezará el nuevo comité ejecutivo del Consejo de Rectores, integrado también por los rectores de la U. Católica del Maule, U. de Chile, U. de Concepción, U. de Playa Ancha, U. Federico Santa María y de la U. de La Frontera. El rector Juan Manuel Zolezzi fue [&hellip;]
