{"version":"1.0","provider_name":"Council of Rectors of Chilean Universities","provider_url":"https:\/\/consejoderectores.cl\/en","title":"Presidente de la Conferencia de Rectores de Alemania se re\u00fane con autoridades del CRUCH - Consejo de Rectoras y Rectores de las Universidades Chilenas","type":"rich","width":600,"height":338,"html":"<blockquote class=\"wp-embedded-content\" data-secret=\"Fg4aCo5jCG\"><a href=\"https:\/\/consejoderectores.cl\/en\/2015\/03\/09\/603c6d807dd4d\/\">President of the Conference of Rectors of Germany meets with CRUCH authorities<\/a><\/blockquote><iframe sandbox=\"allow-scripts\" security=\"restricted\" src=\"https:\/\/consejoderectores.cl\/en\/2015\/03\/09\/603c6d807dd4d\/embed\/#?secret=Fg4aCo5jCG\" width=\"600\" height=\"338\" title=\"\u201cPresident of the German Rectors&#039; Conference meets with CRUCH authorities\u201d \u2014 Council of Rectors of Chilean Universities\" data-secret=\"Fg4aCo5jCG\" frameborder=\"0\" marginwidth=\"0\" marginheight=\"0\" scrolling=\"no\" class=\"wp-embedded-content\"><\/iframe><script>\n\/*! This file is auto-generated *\/\n!function(d,l){\"use strict\";l.querySelector&&d.addEventListener&&\"undefined\"!=typeof URL&&(d.wp=d.wp||{},d.wp.receiveEmbedMessage||(d.wp.receiveEmbedMessage=function(e){var t=e.data;if((t||t.secret||t.message||t.value)&&!\/[^a-zA-Z0-9]\/.test(t.secret)){for(var s,r,n,a=l.querySelectorAll('iframe[data-secret=\"'+t.secret+'\"]'),o=l.querySelectorAll('blockquote[data-secret=\"'+t.secret+'\"]'),c=new RegExp(\"^https?:$\",\"i\"),i=0;i<o.length;i++)o[i].style.display=\"none\";for(i=0;i<a.length;i++)s=a[i],e.source===s.contentWindow&&(s.removeAttribute(\"style\"),\"height\"===t.message?(1e3<(r=parseInt(t.value,10))?r=1e3:~~r<200&&(r=200),s.height=r):\"link\"===t.message&&(r=new URL(s.getAttribute(\"src\")),n=new URL(t.value),c.test(n.protocol))&&n.host===r.host&&l.activeElement===s&&(d.top.location.href=t.value))}},d.addEventListener(\"message\",d.wp.receiveEmbedMessage,!1),l.addEventListener(\"DOMContentLoaded\",function(){for(var e,t,s=l.querySelectorAll(\"iframe.wp-embedded-content\"),r=0;r<s.length;r++)(t=(e=s[r]).getAttribute(\"data-secret\"))||(t=Math.random().toString(36).substring(2,12),e.src+=\"#?secret=\"+t,e.setAttribute(\"data-secret\",t)),e.contentWindow.postMessage({message:\"ready\",secret:t},\"*\")},!1)))}(window,document);\n\/\/# sourceURL=https:\/\/consejoderectores.cl\/wp-includes\/js\/wp-embed.min.js\n<\/script>","thumbnail_url":"https:\/\/consejoderectores.cl\/wp-content\/uploads\/2021\/10\/declaraciones-publicas.jpg","thumbnail_width":1024,"thumbnail_height":500,"description":"El Dr. Horst Hippler, presidente de la Conferencia de Rectores de Alemania (HRK) se reuni\u00f3 con autoridades del Consejo de Rectores, como parte de una visita organizada por el CRUCH en la que adem\u00e1s convers\u00f3 con otros actores del sistema como el jefe de la Divesup, el presidente de Conicyt y dirigentes estudiantiles. En una [&hellip;]"}

Presidente de la Conferencia de Rectores de Alemania se reúne con autoridades del CRUCH - Consejo de Rectoras y Rectores de las Universidades Chilenas

El Dr. Horst Hippler, presidente de la Conferencia de Rectores de Alemania (HRK) se reunió con autoridades del Consejo de Rectores, como parte de una visita organizada por el CRUCH en la que además conversó con otros actores del sistema como el jefe de la Divesup, el presidente de Conicyt y dirigentes estudiantiles. En una [&hellip;]
