{"version":"1.0","provider_name":"Council of Rectors of Chilean Universities","provider_url":"https:\/\/consejoderectores.cl\/en","title":"Consejo de Rectores ratifica que este a\u00f1o no habr\u00e1 cambios al Ranking de Notas - Consejo de Rectoras y Rectores de las Universidades Chilenas","type":"rich","width":600,"height":338,"html":"<blockquote class=\"wp-embedded-content\" data-secret=\"9RoRxjgQdd\"><a href=\"https:\/\/consejoderectores.cl\/en\/2014\/08\/28\/603c6d807ae54\/\">The Council of Rectors confirms that there will be no changes to the Grade Ranking this year.<\/a><\/blockquote><iframe sandbox=\"allow-scripts\" security=\"restricted\" src=\"https:\/\/consejoderectores.cl\/en\/2014\/08\/28\/603c6d807ae54\/embed\/#?secret=9RoRxjgQdd\" width=\"600\" height=\"338\" title=\"&#8220;Consejo de Rectores ratifica que este a\u00f1o no habr\u00e1 cambios al Ranking de Notas&#8221; &#8212; Consejo de Rectoras y Rectores de las Universidades Chilenas\" data-secret=\"9RoRxjgQdd\" frameborder=\"0\" marginwidth=\"0\" marginheight=\"0\" scrolling=\"no\" class=\"wp-embedded-content\"><\/iframe><script type=\"text\/javascript\">\n\/* <![CDATA[ *\/\n\/*! This file is auto-generated *\/\n!function(d,l){\"use strict\";l.querySelector&&d.addEventListener&&\"undefined\"!=typeof URL&&(d.wp=d.wp||{},d.wp.receiveEmbedMessage||(d.wp.receiveEmbedMessage=function(e){var t=e.data;if((t||t.secret||t.message||t.value)&&!\/[^a-zA-Z0-9]\/.test(t.secret)){for(var s,r,n,a=l.querySelectorAll('iframe[data-secret=\"'+t.secret+'\"]'),o=l.querySelectorAll('blockquote[data-secret=\"'+t.secret+'\"]'),c=new RegExp(\"^https?:$\",\"i\"),i=0;i<o.length;i++)o[i].style.display=\"none\";for(i=0;i<a.length;i++)s=a[i],e.source===s.contentWindow&&(s.removeAttribute(\"style\"),\"height\"===t.message?(1e3<(r=parseInt(t.value,10))?r=1e3:~~r<200&&(r=200),s.height=r):\"link\"===t.message&&(r=new URL(s.getAttribute(\"src\")),n=new URL(t.value),c.test(n.protocol))&&n.host===r.host&&l.activeElement===s&&(d.top.location.href=t.value))}},d.addEventListener(\"message\",d.wp.receiveEmbedMessage,!1),l.addEventListener(\"DOMContentLoaded\",function(){for(var e,t,s=l.querySelectorAll(\"iframe.wp-embedded-content\"),r=0;r<s.length;r++)(t=(e=s[r]).getAttribute(\"data-secret\"))||(t=Math.random().toString(36).substring(2,12),e.src+=\"#?secret=\"+t,e.setAttribute(\"data-secret\",t)),e.contentWindow.postMessage({message:\"ready\",secret:t},\"*\")},!1)))}(window,document);\n\/\/# sourceURL=https:\/\/consejoderectores.cl\/wp-includes\/js\/wp-embed.min.js\n\/* ]]> *\/\n<\/script>","thumbnail_url":"https:\/\/consejoderectores.cl\/wp-content\/uploads\/2014\/08\/foto_0000000120140829124712.jpg","thumbnail_width":700,"thumbnail_height":354,"description":"A partir del pr\u00f3ximo a\u00f1o, el Ranking de Notas se calcular\u00e1 en base a cada uno de los establecimientos en los que un estudiante desarroll\u00f3 su ense\u00f1anza media. El CRUCH pedir\u00e1 al Ministerio de Educaci\u00f3n que analice la situaci\u00f3n de los estudiantes de colegios que est\u00e1n recibiendo a los alumnos y que podr\u00edan ver amenazada [&hellip;]"}

Consejo de Rectores ratifica que este año no habrá cambios al Ranking de Notas - Consejo de Rectoras y Rectores de las Universidades Chilenas

<blockquote class="wp-embedded-content" data-secret="9RoRxjgQdd"><a href="https://consejoderectores.cl/en/2014/08/28/603c6d807ae54/">The Council of Rectors confirms that there will be no changes to the Grade Ranking this year.</a></blockquote><iframe sandbox="allow-scripts" security="restricted" src="https://consejoderectores.cl/en/2014/08/28/603c6d807ae54/embed/#?secret=9RoRxjgQdd" width="600" height="338" title="&#8220;Consejo de Rectores ratifica que este año no habrá cambios al Ranking de Notas&#8221; &#8212; Consejo de Rectoras y Rectores de las Universidades Chilenas" data-secret="9RoRxjgQdd" frameborder="0" marginwidth="0" marginheight="0" scrolling="no" class="wp-embedded-content"></iframe><script type="text/javascript">
/* <![CDATA[ */
/*! This file is auto-generated */
!function(d,l){"use strict";l.querySelector&&d.addEventListener&&"undefined"!=typeof URL&&(d.wp=d.wp||{},d.wp.receiveEmbedMessage||(d.wp.receiveEmbedMessage=function(e){var t=e.data;if((t||t.secret||t.message||t.value)&&!/[^a-zA-Z0-9]/.test(t.secret)){for(var s,r,n,a=l.querySelectorAll('iframe[data-secret="'+t.secret+'"]'),o=l.querySelectorAll('blockquote[data-secret="'+t.secret+'"]'),c=new RegExp("^https?:$","i"),i=0;i<o.length;i++)o[i].style.display="none";for(i=0;i<a.length;i++)s=a[i],e.source===s.contentWindow&&(s.removeAttribute("style"),"height"===t.message?(1e3<(r=parseInt(t.value,10))?r=1e3:~~r<200&&(r=200),s.height=r):"link"===t.message&&(r=new URL(s.getAttribute("src")),n=new URL(t.value),c.test(n.protocol))&&n.host===r.host&&l.activeElement===s&&(d.top.location.href=t.value))}},d.addEventListener("message",d.wp.receiveEmbedMessage,!1),l.addEventListener("DOMContentLoaded",function(){for(var e,t,s=l.querySelectorAll("iframe.wp-embedded-content"),r=0;r<s.length;r++)(t=(e=s[r]).getAttribute("data-secret"))||(t=Math.random().toString(36).substring(2,12),e.src+="#?secret="+t,e.setAttribute("data-secret",t)),e.contentWindow.postMessage({message:"ready",secret:t},"*")},!1)))}(window,document);
//# sourceURL=https://consejoderectores.cl/wp-includes/js/wp-embed.min.js
/* ]]> */
</script>

A partir del próximo año, el Ranking de Notas se calculará en base a cada uno de los establecimientos en los que un estudiante desarrolló su enseñanza media. El CRUCH pedirá al Ministerio de Educación que analice la situación de los estudiantes de colegios que están recibiendo a los alumnos y que podrían ver amenazada [&hellip;]
