{"version":"1.0","provider_name":"Council of Rectors of Chilean Universities","provider_url":"https:\/\/consejoderectores.cl\/en","title":"F\u00f3rmula de c\u00e1lculo del Ranking de Notas tendr\u00e1 modificaciones para el pr\u00f3ximo a\u00f1o - Consejo de Rectoras y Rectores de las Universidades Chilenas","type":"rich","width":600,"height":338,"html":"<blockquote class=\"wp-embedded-content\" data-secret=\"oGlS3EHDC2\"><a href=\"https:\/\/consejoderectores.cl\/en\/2014\/08\/25\/603c6d807ad9c\/\">The formula for calculating the Grade Ranking will be modified for next year.<\/a><\/blockquote><iframe sandbox=\"allow-scripts\" security=\"restricted\" src=\"https:\/\/consejoderectores.cl\/en\/2014\/08\/25\/603c6d807ad9c\/embed\/#?secret=oGlS3EHDC2\" width=\"600\" height=\"338\" title=\"&#8220;F\u00f3rmula de c\u00e1lculo del Ranking de Notas tendr\u00e1 modificaciones para el pr\u00f3ximo a\u00f1o&#8221; &#8212; Consejo de Rectoras y Rectores de las Universidades Chilenas\" data-secret=\"oGlS3EHDC2\" frameborder=\"0\" marginwidth=\"0\" marginheight=\"0\" scrolling=\"no\" class=\"wp-embedded-content\"><\/iframe><script type=\"text\/javascript\">\n\/* <![CDATA[ *\/\n\/*! This file is auto-generated *\/\n!function(d,l){\"use strict\";l.querySelector&&d.addEventListener&&\"undefined\"!=typeof URL&&(d.wp=d.wp||{},d.wp.receiveEmbedMessage||(d.wp.receiveEmbedMessage=function(e){var t=e.data;if((t||t.secret||t.message||t.value)&&!\/[^a-zA-Z0-9]\/.test(t.secret)){for(var s,r,n,a=l.querySelectorAll('iframe[data-secret=\"'+t.secret+'\"]'),o=l.querySelectorAll('blockquote[data-secret=\"'+t.secret+'\"]'),c=new RegExp(\"^https?:$\",\"i\"),i=0;i<o.length;i++)o[i].style.display=\"none\";for(i=0;i<a.length;i++)s=a[i],e.source===s.contentWindow&&(s.removeAttribute(\"style\"),\"height\"===t.message?(1e3<(r=parseInt(t.value,10))?r=1e3:~~r<200&&(r=200),s.height=r):\"link\"===t.message&&(r=new URL(s.getAttribute(\"src\")),n=new URL(t.value),c.test(n.protocol))&&n.host===r.host&&l.activeElement===s&&(d.top.location.href=t.value))}},d.addEventListener(\"message\",d.wp.receiveEmbedMessage,!1),l.addEventListener(\"DOMContentLoaded\",function(){for(var e,t,s=l.querySelectorAll(\"iframe.wp-embedded-content\"),r=0;r<s.length;r++)(t=(e=s[r]).getAttribute(\"data-secret\"))||(t=Math.random().toString(36).substring(2,12),e.src+=\"#?secret=\"+t,e.setAttribute(\"data-secret\",t)),e.contentWindow.postMessage({message:\"ready\",secret:t},\"*\")},!1)))}(window,document);\n\/\/# sourceURL=https:\/\/consejoderectores.cl\/wp-includes\/js\/wp-embed.min.js\n\/* ]]> *\/\n<\/script>","thumbnail_url":"https:\/\/consejoderectores.cl\/wp-content\/uploads\/2021\/10\/declaraciones-publicas.jpg","thumbnail_width":1024,"thumbnail_height":500,"description":"El Sistema \u00danico de Admisi\u00f3n del Consejo de Rectores est\u00e1 evaluando opciones para ajustar la f\u00f3rmula de c\u00e1lculo del Ranking de Notas para los futuros procesos de admisi\u00f3n. El vicepresidente ejecutivo del CRUCH, Juan Manuel Zolezzi, sostuvo que \u00abeste a\u00f1o no se har\u00e1n modificaciones, porque las normas para este proceso de admisi\u00f3n fueron comunicadas en [&hellip;]"}

Fórmula de cálculo del Ranking de Notas tendrá modificaciones para el próximo año - Consejo de Rectoras y Rectores de las Universidades Chilenas

<blockquote class="wp-embedded-content" data-secret="oGlS3EHDC2"><a href="https://consejoderectores.cl/en/2014/08/25/603c6d807ad9c/">The formula for calculating the Grade Ranking will be modified for next year.</a></blockquote><iframe sandbox="allow-scripts" security="restricted" src="https://consejoderectores.cl/en/2014/08/25/603c6d807ad9c/embed/#?secret=oGlS3EHDC2" width="600" height="338" title="&#8220;Fórmula de cálculo del Ranking de Notas tendrá modificaciones para el próximo año&#8221; &#8212; Consejo de Rectoras y Rectores de las Universidades Chilenas" data-secret="oGlS3EHDC2" frameborder="0" marginwidth="0" marginheight="0" scrolling="no" class="wp-embedded-content"></iframe><script type="text/javascript">
/* <![CDATA[ */
/*! This file is auto-generated */
!function(d,l){"use strict";l.querySelector&&d.addEventListener&&"undefined"!=typeof URL&&(d.wp=d.wp||{},d.wp.receiveEmbedMessage||(d.wp.receiveEmbedMessage=function(e){var t=e.data;if((t||t.secret||t.message||t.value)&&!/[^a-zA-Z0-9]/.test(t.secret)){for(var s,r,n,a=l.querySelectorAll('iframe[data-secret="'+t.secret+'"]'),o=l.querySelectorAll('blockquote[data-secret="'+t.secret+'"]'),c=new RegExp("^https?:$","i"),i=0;i<o.length;i++)o[i].style.display="none";for(i=0;i<a.length;i++)s=a[i],e.source===s.contentWindow&&(s.removeAttribute("style"),"height"===t.message?(1e3<(r=parseInt(t.value,10))?r=1e3:~~r<200&&(r=200),s.height=r):"link"===t.message&&(r=new URL(s.getAttribute("src")),n=new URL(t.value),c.test(n.protocol))&&n.host===r.host&&l.activeElement===s&&(d.top.location.href=t.value))}},d.addEventListener("message",d.wp.receiveEmbedMessage,!1),l.addEventListener("DOMContentLoaded",function(){for(var e,t,s=l.querySelectorAll("iframe.wp-embedded-content"),r=0;r<s.length;r++)(t=(e=s[r]).getAttribute("data-secret"))||(t=Math.random().toString(36).substring(2,12),e.src+="#?secret="+t,e.setAttribute("data-secret",t)),e.contentWindow.postMessage({message:"ready",secret:t},"*")},!1)))}(window,document);
//# sourceURL=https://consejoderectores.cl/wp-includes/js/wp-embed.min.js
/* ]]> */
</script>

El Sistema Único de Admisión del Consejo de Rectores está evaluando opciones para ajustar la fórmula de cálculo del Ranking de Notas para los futuros procesos de admisión. El vicepresidente ejecutivo del CRUCH, Juan Manuel Zolezzi, sostuvo que «este año no se harán modificaciones, porque las normas para este proceso de admisión fueron comunicadas en [&hellip;]
