{"version":"1.0","provider_name":"Council of Rectors of Chilean Universities","provider_url":"https:\/\/consejoderectores.cl\/en","title":"CRUCH finaliza ronda de Coloquios de Ciencia y Tecnolog\u00eda en Concepci\u00f3n - Consejo de Rectoras y Rectores de las Universidades Chilenas","type":"rich","width":600,"height":338,"html":"<blockquote class=\"wp-embedded-content\" data-secret=\"64fxkTEN7m\"><a href=\"https:\/\/consejoderectores.cl\/en\/2013\/08\/09\/603c6d8075ebc\/\">CRUCH concludes its round of Science and Technology Colloquia in Concepci\u00f3n<\/a><\/blockquote><iframe sandbox=\"allow-scripts\" security=\"restricted\" src=\"https:\/\/consejoderectores.cl\/en\/2013\/08\/09\/603c6d8075ebc\/embed\/#?secret=64fxkTEN7m\" width=\"600\" height=\"338\" title=\"&#8220;CRUCH finaliza ronda de Coloquios de Ciencia y Tecnolog\u00eda en Concepci\u00f3n&#8221; &#8212; Consejo de Rectoras y Rectores de las Universidades Chilenas\" data-secret=\"64fxkTEN7m\" frameborder=\"0\" marginwidth=\"0\" marginheight=\"0\" scrolling=\"no\" class=\"wp-embedded-content\"><\/iframe><script type=\"text\/javascript\">\n\/* <![CDATA[ *\/\n\/*! This file is auto-generated *\/\n!function(d,l){\"use strict\";l.querySelector&&d.addEventListener&&\"undefined\"!=typeof URL&&(d.wp=d.wp||{},d.wp.receiveEmbedMessage||(d.wp.receiveEmbedMessage=function(e){var t=e.data;if((t||t.secret||t.message||t.value)&&!\/[^a-zA-Z0-9]\/.test(t.secret)){for(var s,r,n,a=l.querySelectorAll('iframe[data-secret=\"'+t.secret+'\"]'),o=l.querySelectorAll('blockquote[data-secret=\"'+t.secret+'\"]'),c=new RegExp(\"^https?:$\",\"i\"),i=0;i<o.length;i++)o[i].style.display=\"none\";for(i=0;i<a.length;i++)s=a[i],e.source===s.contentWindow&&(s.removeAttribute(\"style\"),\"height\"===t.message?(1e3<(r=parseInt(t.value,10))?r=1e3:~~r<200&&(r=200),s.height=r):\"link\"===t.message&&(r=new URL(s.getAttribute(\"src\")),n=new URL(t.value),c.test(n.protocol))&&n.host===r.host&&l.activeElement===s&&(d.top.location.href=t.value))}},d.addEventListener(\"message\",d.wp.receiveEmbedMessage,!1),l.addEventListener(\"DOMContentLoaded\",function(){for(var e,t,s=l.querySelectorAll(\"iframe.wp-embedded-content\"),r=0;r<s.length;r++)(t=(e=s[r]).getAttribute(\"data-secret\"))||(t=Math.random().toString(36).substring(2,12),e.src+=\"#?secret=\"+t,e.setAttribute(\"data-secret\",t)),e.contentWindow.postMessage({message:\"ready\",secret:t},\"*\")},!1)))}(window,document);\n\/\/# sourceURL=https:\/\/consejoderectores.cl\/wp-includes\/js\/wp-embed.min.js\n\/* ]]> *\/\n<\/script>","thumbnail_url":"https:\/\/consejoderectores.cl\/wp-content\/uploads\/2013\/08\/banner-libro-6-1000x520-1.jpg","thumbnail_width":1000,"thumbnail_height":520,"description":"En la Universidad de Concepci\u00f3n y con la participaci\u00f3n de m\u00e1s de treinta investigadores j\u00f3venes, se desarroll\u00f3 el Tercer Coloquio de Ciencia \u00a0y Tecnolog\u00eda convocado por el Consejo de Rectores, destacando nuevamente la urgencia en la definici\u00f3n de pol\u00edticas de Estado en esta materia. J\u00f3venes investigadores, junto a rectores, autoridades acad\u00e9micas y premios nacionales de [&hellip;]"}

CRUCH finaliza ronda de Coloquios de Ciencia y Tecnología en Concepción - Consejo de Rectoras y Rectores de las Universidades Chilenas

<blockquote class="wp-embedded-content" data-secret="64fxkTEN7m"><a href="https://consejoderectores.cl/en/2013/08/09/603c6d8075ebc/">CRUCH concludes its round of Science and Technology Colloquia in Concepción</a></blockquote><iframe sandbox="allow-scripts" security="restricted" src="https://consejoderectores.cl/en/2013/08/09/603c6d8075ebc/embed/#?secret=64fxkTEN7m" width="600" height="338" title="&#8220;CRUCH finaliza ronda de Coloquios de Ciencia y Tecnología en Concepción&#8221; &#8212; Consejo de Rectoras y Rectores de las Universidades Chilenas" data-secret="64fxkTEN7m" frameborder="0" marginwidth="0" marginheight="0" scrolling="no" class="wp-embedded-content"></iframe><script type="text/javascript">
/* <![CDATA[ */
/*! This file is auto-generated */
!function(d,l){"use strict";l.querySelector&&d.addEventListener&&"undefined"!=typeof URL&&(d.wp=d.wp||{},d.wp.receiveEmbedMessage||(d.wp.receiveEmbedMessage=function(e){var t=e.data;if((t||t.secret||t.message||t.value)&&!/[^a-zA-Z0-9]/.test(t.secret)){for(var s,r,n,a=l.querySelectorAll('iframe[data-secret="'+t.secret+'"]'),o=l.querySelectorAll('blockquote[data-secret="'+t.secret+'"]'),c=new RegExp("^https?:$","i"),i=0;i<o.length;i++)o[i].style.display="none";for(i=0;i<a.length;i++)s=a[i],e.source===s.contentWindow&&(s.removeAttribute("style"),"height"===t.message?(1e3<(r=parseInt(t.value,10))?r=1e3:~~r<200&&(r=200),s.height=r):"link"===t.message&&(r=new URL(s.getAttribute("src")),n=new URL(t.value),c.test(n.protocol))&&n.host===r.host&&l.activeElement===s&&(d.top.location.href=t.value))}},d.addEventListener("message",d.wp.receiveEmbedMessage,!1),l.addEventListener("DOMContentLoaded",function(){for(var e,t,s=l.querySelectorAll("iframe.wp-embedded-content"),r=0;r<s.length;r++)(t=(e=s[r]).getAttribute("data-secret"))||(t=Math.random().toString(36).substring(2,12),e.src+="#?secret="+t,e.setAttribute("data-secret",t)),e.contentWindow.postMessage({message:"ready",secret:t},"*")},!1)))}(window,document);
//# sourceURL=https://consejoderectores.cl/wp-includes/js/wp-embed.min.js
/* ]]> */
</script>

En la Universidad de Concepción y con la participación de más de treinta investigadores jóvenes, se desarrolló el Tercer Coloquio de Ciencia  y Tecnología convocado por el Consejo de Rectores, destacando nuevamente la urgencia en la definición de políticas de Estado en esta materia. Jóvenes investigadores, junto a rectores, autoridades académicas y premios nacionales de [&hellip;]
