{"version":"1.0","provider_name":"Council of Rectors of Chilean Universities","provider_url":"https:\/\/consejoderectores.cl\/en","title":"Rector Zolezzi: \u201cColaboraremos con el MINEDUC, pero nos reservamos el derecho a discrepar con el proyecto\u201d - Consejo de Rectoras y Rectores de las Universidades Chilenas","type":"rich","width":600,"height":338,"html":"<blockquote class=\"wp-embedded-content\" data-secret=\"zBTxdHEjUB\"><a href=\"https:\/\/consejoderectores.cl\/en\/2013\/07\/25\/603c6d8075d2d\/\">Rector Zolezzi: \u201cWe will collaborate with the Ministry of Education, but we reserve the right to disagree with the project.\u201d<\/a><\/blockquote><iframe sandbox=\"allow-scripts\" security=\"restricted\" src=\"https:\/\/consejoderectores.cl\/en\/2013\/07\/25\/603c6d8075d2d\/embed\/#?secret=zBTxdHEjUB\" width=\"600\" height=\"338\" title=\"&#8220;Rector Zolezzi: \u201cColaboraremos con el MINEDUC, pero nos reservamos el derecho a discrepar con el proyecto\u201d&#8221; &#8212; Consejo de Rectoras y Rectores de las Universidades Chilenas\" data-secret=\"zBTxdHEjUB\" frameborder=\"0\" marginwidth=\"0\" marginheight=\"0\" scrolling=\"no\" class=\"wp-embedded-content\"><\/iframe><script type=\"text\/javascript\">\n\/* <![CDATA[ *\/\n\/*! This file is auto-generated *\/\n!function(d,l){\"use strict\";l.querySelector&&d.addEventListener&&\"undefined\"!=typeof URL&&(d.wp=d.wp||{},d.wp.receiveEmbedMessage||(d.wp.receiveEmbedMessage=function(e){var t=e.data;if((t||t.secret||t.message||t.value)&&!\/[^a-zA-Z0-9]\/.test(t.secret)){for(var s,r,n,a=l.querySelectorAll('iframe[data-secret=\"'+t.secret+'\"]'),o=l.querySelectorAll('blockquote[data-secret=\"'+t.secret+'\"]'),c=new RegExp(\"^https?:$\",\"i\"),i=0;i<o.length;i++)o[i].style.display=\"none\";for(i=0;i<a.length;i++)s=a[i],e.source===s.contentWindow&&(s.removeAttribute(\"style\"),\"height\"===t.message?(1e3<(r=parseInt(t.value,10))?r=1e3:~~r<200&&(r=200),s.height=r):\"link\"===t.message&&(r=new URL(s.getAttribute(\"src\")),n=new URL(t.value),c.test(n.protocol))&&n.host===r.host&&l.activeElement===s&&(d.top.location.href=t.value))}},d.addEventListener(\"message\",d.wp.receiveEmbedMessage,!1),l.addEventListener(\"DOMContentLoaded\",function(){for(var e,t,s=l.querySelectorAll(\"iframe.wp-embedded-content\"),r=0;r<s.length;r++)(t=(e=s[r]).getAttribute(\"data-secret\"))||(t=Math.random().toString(36).substring(2,12),e.src+=\"#?secret=\"+t,e.setAttribute(\"data-secret\",t)),e.contentWindow.postMessage({message:\"ready\",secret:t},\"*\")},!1)))}(window,document);\n\/\/# sourceURL=https:\/\/consejoderectores.cl\/wp-includes\/js\/wp-embed.min.js\n\/* ]]> *\/\n<\/script>","thumbnail_url":"https:\/\/consejoderectores.cl\/wp-content\/uploads\/2013\/07\/WEB-9085-B-.jpg","thumbnail_width":600,"thumbnail_height":400,"description":"En la sesi\u00f3n, celebrada en Antofagasta, el Consejo de Rectores ratific\u00f3 su postura acerca del proyecto de ley, se\u00f1alando que debe quedar expl\u00edcita en \u00e9l la prohibici\u00f3n de lucrar para las universidades. El Consejo de Rectores de las Universidades Chilenas (CRUCH) tuvo su sesi\u00f3n plenaria mensual, organizada por la Universidad de Antofagasta. El vicepresidente ejecutivo [&hellip;]"}

En la sesión, celebrada en Antofagasta, el Consejo de Rectores ratificó su postura acerca del proyecto de ley, señalando que debe quedar explícita en él la prohibición de lucrar para las universidades. El Consejo de Rectores de las Universidades Chilenas (CRUCH) tuvo su sesión plenaria mensual, organizada por la Universidad de Antofagasta. El vicepresidente ejecutivo [&hellip;]
