{"version":"1.0","provider_name":"Council of Rectors of Chilean Universities","provider_url":"https:\/\/consejoderectores.cl\/en","title":"Vicepresidente ejecutivo del CRUCH, Juan Manuel Zolezzi: \u201cRechazamos las tomas y la violencia desde todo punto de vista\u201d - Consejo de Rectoras y Rectores de las Universidades Chilenas","type":"rich","width":600,"height":338,"html":"<blockquote class=\"wp-embedded-content\" data-secret=\"Rsf0emNLmQ\"><a href=\"https:\/\/consejoderectores.cl\/en\/2013\/06\/28\/603c6d8075896\/\">Executive Vice President of CRUCH, Juan Manuel Zolezzi: \u201cWe reject the occupations and violence from every point of view\u201d<\/a><\/blockquote><iframe sandbox=\"allow-scripts\" security=\"restricted\" src=\"https:\/\/consejoderectores.cl\/en\/2013\/06\/28\/603c6d8075896\/embed\/#?secret=Rsf0emNLmQ\" width=\"600\" height=\"338\" title=\"&#8220;Vicepresidente ejecutivo del CRUCH, Juan Manuel Zolezzi: \u201cRechazamos las tomas y la violencia desde todo punto de vista\u201d&#8221; &#8212; Consejo de Rectoras y Rectores de las Universidades Chilenas\" data-secret=\"Rsf0emNLmQ\" frameborder=\"0\" marginwidth=\"0\" marginheight=\"0\" scrolling=\"no\" class=\"wp-embedded-content\"><\/iframe><script type=\"text\/javascript\">\n\/* <![CDATA[ *\/\n\/*! This file is auto-generated *\/\n!function(d,l){\"use strict\";l.querySelector&&d.addEventListener&&\"undefined\"!=typeof URL&&(d.wp=d.wp||{},d.wp.receiveEmbedMessage||(d.wp.receiveEmbedMessage=function(e){var t=e.data;if((t||t.secret||t.message||t.value)&&!\/[^a-zA-Z0-9]\/.test(t.secret)){for(var s,r,n,a=l.querySelectorAll('iframe[data-secret=\"'+t.secret+'\"]'),o=l.querySelectorAll('blockquote[data-secret=\"'+t.secret+'\"]'),c=new RegExp(\"^https?:$\",\"i\"),i=0;i<o.length;i++)o[i].style.display=\"none\";for(i=0;i<a.length;i++)s=a[i],e.source===s.contentWindow&&(s.removeAttribute(\"style\"),\"height\"===t.message?(1e3<(r=parseInt(t.value,10))?r=1e3:~~r<200&&(r=200),s.height=r):\"link\"===t.message&&(r=new URL(s.getAttribute(\"src\")),n=new URL(t.value),c.test(n.protocol))&&n.host===r.host&&l.activeElement===s&&(d.top.location.href=t.value))}},d.addEventListener(\"message\",d.wp.receiveEmbedMessage,!1),l.addEventListener(\"DOMContentLoaded\",function(){for(var e,t,s=l.querySelectorAll(\"iframe.wp-embedded-content\"),r=0;r<s.length;r++)(t=(e=s[r]).getAttribute(\"data-secret\"))||(t=Math.random().toString(36).substring(2,12),e.src+=\"#?secret=\"+t,e.setAttribute(\"data-secret\",t)),e.contentWindow.postMessage({message:\"ready\",secret:t},\"*\")},!1)))}(window,document);\n\/\/# sourceURL=https:\/\/consejoderectores.cl\/wp-includes\/js\/wp-embed.min.js\n\/* ]]> *\/\n<\/script>","thumbnail_url":"https:\/\/consejoderectores.cl\/wp-content\/uploads\/2021\/10\/declaraciones-publicas.jpg","thumbnail_width":1024,"thumbnail_height":500,"description":"En la sesi\u00f3n mensual del Consejo de Rectores, celebrada en Talca, los representantes de las 25 universidades del CRUCH analizaron las movilizaciones estudiantiles. Adem\u00e1s, recibieron la visita del nuevo Jefe de la Divisi\u00f3n de Educaci\u00f3n Superior del Ministerio de Educaci\u00f3n, Alberto V\u00e1squez. El Consejo de Rectores se reuni\u00f3 en dependencias de la Universidad Cat\u00f3lica del [&hellip;]"}

En la sesión mensual del Consejo de Rectores, celebrada en Talca, los representantes de las 25 universidades del CRUCH analizaron las movilizaciones estudiantiles. Además, recibieron la visita del nuevo Jefe de la División de Educación Superior del Ministerio de Educación, Alberto Vásquez. El Consejo de Rectores se reunió en dependencias de la Universidad Católica del [&hellip;]
