{"version":"1.0","provider_name":"Council of Rectors of Chilean Universities","provider_url":"https:\/\/consejoderectores.cl\/en","title":"Ministerio de Educaci\u00f3n da a conocer cifras de proceso de reevaluacion socioecon\u00f3mica tras reunirse con vicepresidente ejecutivo del CRUCH - Consejo de Rectoras y Rectores de las Universidades Chilenas","type":"rich","width":600,"height":338,"html":"<blockquote class=\"wp-embedded-content\" data-secret=\"q1XFiTde4O\"><a href=\"https:\/\/consejoderectores.cl\/en\/2013\/05\/15\/603c6d807438c\/\">The Ministry of Education releases figures from the socioeconomic re-evaluation process after meeting with the executive vice president of CRUCH.<\/a><\/blockquote><iframe sandbox=\"allow-scripts\" security=\"restricted\" src=\"https:\/\/consejoderectores.cl\/en\/2013\/05\/15\/603c6d807438c\/embed\/#?secret=q1XFiTde4O\" width=\"600\" height=\"338\" title=\"&#8220;Ministerio de Educaci\u00f3n da a conocer cifras de proceso de reevaluacion socioecon\u00f3mica tras reunirse con vicepresidente ejecutivo del CRUCH&#8221; &#8212; Consejo de Rectoras y Rectores de las Universidades Chilenas\" data-secret=\"q1XFiTde4O\" frameborder=\"0\" marginwidth=\"0\" marginheight=\"0\" scrolling=\"no\" class=\"wp-embedded-content\"><\/iframe><script type=\"text\/javascript\">\n\/* <![CDATA[ *\/\n\/*! This file is auto-generated *\/\n!function(d,l){\"use strict\";l.querySelector&&d.addEventListener&&\"undefined\"!=typeof URL&&(d.wp=d.wp||{},d.wp.receiveEmbedMessage||(d.wp.receiveEmbedMessage=function(e){var t=e.data;if((t||t.secret||t.message||t.value)&&!\/[^a-zA-Z0-9]\/.test(t.secret)){for(var s,r,n,a=l.querySelectorAll('iframe[data-secret=\"'+t.secret+'\"]'),o=l.querySelectorAll('blockquote[data-secret=\"'+t.secret+'\"]'),c=new RegExp(\"^https?:$\",\"i\"),i=0;i<o.length;i++)o[i].style.display=\"none\";for(i=0;i<a.length;i++)s=a[i],e.source===s.contentWindow&&(s.removeAttribute(\"style\"),\"height\"===t.message?(1e3<(r=parseInt(t.value,10))?r=1e3:~~r<200&&(r=200),s.height=r):\"link\"===t.message&&(r=new URL(s.getAttribute(\"src\")),n=new URL(t.value),c.test(n.protocol))&&n.host===r.host&&l.activeElement===s&&(d.top.location.href=t.value))}},d.addEventListener(\"message\",d.wp.receiveEmbedMessage,!1),l.addEventListener(\"DOMContentLoaded\",function(){for(var e,t,s=l.querySelectorAll(\"iframe.wp-embedded-content\"),r=0;r<s.length;r++)(t=(e=s[r]).getAttribute(\"data-secret\"))||(t=Math.random().toString(36).substring(2,12),e.src+=\"#?secret=\"+t,e.setAttribute(\"data-secret\",t)),e.contentWindow.postMessage({message:\"ready\",secret:t},\"*\")},!1)))}(window,document);\n\/\/# sourceURL=https:\/\/consejoderectores.cl\/wp-includes\/js\/wp-embed.min.js\n\/* ]]> *\/\n<\/script>","thumbnail_url":"https:\/\/consejoderectores.cl\/wp-content\/uploads\/2021\/10\/declaraciones-publicas.jpg","thumbnail_width":1024,"thumbnail_height":500,"description":"\u00abQueremos que ellos tengan la certeza que ning\u00fan estudiante que requiera apoyo econ\u00f3mico quedar\u00e1 desprotegido\u201d, se\u00f1al\u00f3 el rector Juan Manuel Zolezzi. El MINEDUC tambi\u00e9n inform\u00f3 de la apertura de un proceso de apelaci\u00f3n, que finalizar\u00e1 el 30 de mayo. El vicepresidente ejecutivo del Consejo de Rectores, Juan Manuel Zolezzi, concurri\u00f3 a las dependencias del Ministerio [&hellip;]"}

Ministerio de Educación da a conocer cifras de proceso de reevaluacion socioeconómica tras reunirse con vicepresidente ejecutivo del CRUCH - Consejo de Rectoras y Rectores de las Universidades Chilenas

<blockquote class="wp-embedded-content" data-secret="q1XFiTde4O"><a href="https://consejoderectores.cl/en/2013/05/15/603c6d807438c/">The Ministry of Education releases figures from the socioeconomic re-evaluation process after meeting with the executive vice president of CRUCH.</a></blockquote><iframe sandbox="allow-scripts" security="restricted" src="https://consejoderectores.cl/en/2013/05/15/603c6d807438c/embed/#?secret=q1XFiTde4O" width="600" height="338" title="&#8220;Ministerio de Educación da a conocer cifras de proceso de reevaluacion socioeconómica tras reunirse con vicepresidente ejecutivo del CRUCH&#8221; &#8212; Consejo de Rectoras y Rectores de las Universidades Chilenas" data-secret="q1XFiTde4O" frameborder="0" marginwidth="0" marginheight="0" scrolling="no" class="wp-embedded-content"></iframe><script type="text/javascript">
/* <![CDATA[ */
/*! This file is auto-generated */
!function(d,l){"use strict";l.querySelector&&d.addEventListener&&"undefined"!=typeof URL&&(d.wp=d.wp||{},d.wp.receiveEmbedMessage||(d.wp.receiveEmbedMessage=function(e){var t=e.data;if((t||t.secret||t.message||t.value)&&!/[^a-zA-Z0-9]/.test(t.secret)){for(var s,r,n,a=l.querySelectorAll('iframe[data-secret="'+t.secret+'"]'),o=l.querySelectorAll('blockquote[data-secret="'+t.secret+'"]'),c=new RegExp("^https?:$","i"),i=0;i<o.length;i++)o[i].style.display="none";for(i=0;i<a.length;i++)s=a[i],e.source===s.contentWindow&&(s.removeAttribute("style"),"height"===t.message?(1e3<(r=parseInt(t.value,10))?r=1e3:~~r<200&&(r=200),s.height=r):"link"===t.message&&(r=new URL(s.getAttribute("src")),n=new URL(t.value),c.test(n.protocol))&&n.host===r.host&&l.activeElement===s&&(d.top.location.href=t.value))}},d.addEventListener("message",d.wp.receiveEmbedMessage,!1),l.addEventListener("DOMContentLoaded",function(){for(var e,t,s=l.querySelectorAll("iframe.wp-embedded-content"),r=0;r<s.length;r++)(t=(e=s[r]).getAttribute("data-secret"))||(t=Math.random().toString(36).substring(2,12),e.src+="#?secret="+t,e.setAttribute("data-secret",t)),e.contentWindow.postMessage({message:"ready",secret:t},"*")},!1)))}(window,document);
//# sourceURL=https://consejoderectores.cl/wp-includes/js/wp-embed.min.js
/* ]]> */
</script>

«Queremos que ellos tengan la certeza que ningún estudiante que requiera apoyo económico quedará desprotegido”, señaló el rector Juan Manuel Zolezzi. El MINEDUC también informó de la apertura de un proceso de apelación, que finalizará el 30 de mayo. El vicepresidente ejecutivo del Consejo de Rectores, Juan Manuel Zolezzi, concurrió a las dependencias del Ministerio [&hellip;]
