{"version":"1.0","provider_name":"Council of Rectors of Chilean Universities","provider_url":"https:\/\/consejoderectores.cl\/en","title":"Consejo de Rectores crea comisi\u00f3n para definir cambios a la PSU - Consejo de Rectoras y Rectores de las Universidades Chilenas","type":"rich","width":600,"height":338,"html":"<blockquote class=\"wp-embedded-content\" data-secret=\"EHRqcvcqYR\"><a href=\"https:\/\/consejoderectores.cl\/en\/2013\/03\/28\/603c6d8073e1c\/\">Council of Rectors creates commission to define changes to the PSU<\/a><\/blockquote><iframe sandbox=\"allow-scripts\" security=\"restricted\" src=\"https:\/\/consejoderectores.cl\/en\/2013\/03\/28\/603c6d8073e1c\/embed\/#?secret=EHRqcvcqYR\" width=\"600\" height=\"338\" title=\"\u201cCouncil of Rectors creates commission to define changes to the PSU\u201d \u2014 Council of Rectors of Chilean Universities\" data-secret=\"EHRqcvcqYR\" frameborder=\"0\" marginwidth=\"0\" marginheight=\"0\" scrolling=\"no\" class=\"wp-embedded-content\"><\/iframe><script type=\"text\/javascript\">\n\/* <![CDATA[ *\/\n\/*! This file is auto-generated *\/\n!function(d,l){\"use strict\";l.querySelector&&d.addEventListener&&\"undefined\"!=typeof URL&&(d.wp=d.wp||{},d.wp.receiveEmbedMessage||(d.wp.receiveEmbedMessage=function(e){var t=e.data;if((t||t.secret||t.message||t.value)&&!\/[^a-zA-Z0-9]\/.test(t.secret)){for(var s,r,n,a=l.querySelectorAll('iframe[data-secret=\"'+t.secret+'\"]'),o=l.querySelectorAll('blockquote[data-secret=\"'+t.secret+'\"]'),c=new RegExp(\"^https?:$\",\"i\"),i=0;i<o.length;i++)o[i].style.display=\"none\";for(i=0;i<a.length;i++)s=a[i],e.source===s.contentWindow&&(s.removeAttribute(\"style\"),\"height\"===t.message?(1e3<(r=parseInt(t.value,10))?r=1e3:~~r<200&&(r=200),s.height=r):\"link\"===t.message&&(r=new URL(s.getAttribute(\"src\")),n=new URL(t.value),c.test(n.protocol))&&n.host===r.host&&l.activeElement===s&&(d.top.location.href=t.value))}},d.addEventListener(\"message\",d.wp.receiveEmbedMessage,!1),l.addEventListener(\"DOMContentLoaded\",function(){for(var e,t,s=l.querySelectorAll(\"iframe.wp-embedded-content\"),r=0;r<s.length;r++)(t=(e=s[r]).getAttribute(\"data-secret\"))||(t=Math.random().toString(36).substring(2,12),e.src+=\"#?secret=\"+t,e.setAttribute(\"data-secret\",t)),e.contentWindow.postMessage({message:\"ready\",secret:t},\"*\")},!1)))}(window,document);\n\/\/# sourceURL=https:\/\/consejoderectores.cl\/wp-includes\/js\/wp-embed.min.js\n\/* ]]> *\/\n<\/script>","thumbnail_url":"https:\/\/consejoderectores.cl\/wp-content\/uploads\/2021\/10\/declaraciones-publicas.jpg","thumbnail_width":1024,"thumbnail_height":500,"description":"El organismo aprob\u00f3 en forma un\u00e1nime constituir una comisi\u00f3n de expertos, tarea para la que el Ministerio de Educaci\u00f3n ofreci\u00f3 su participaci\u00f3n t\u00e9cnica. Una de sus primeras tareas ser\u00e1 definir el cronograma de corto, mediano y largo plazo para definir mejor\u00edas a la prueba, a partir de lo se\u00f1alado por el Informe Pearson y los [&hellip;]"}

Consejo de Rectores crea comisión para definir cambios a la PSU - Consejo de Rectoras y Rectores de las Universidades Chilenas

El organismo aprobó en forma unánime constituir una comisión de expertos, tarea para la que el Ministerio de Educación ofreció su participación técnica. Una de sus primeras tareas será definir el cronograma de corto, mediano y largo plazo para definir mejorías a la prueba, a partir de lo señalado por el Informe Pearson y los [&hellip;]
