{"version":"1.0","provider_name":"Council of Rectors of Chilean Universities","provider_url":"https:\/\/consejoderectores.cl\/en","title":"CRUCH comunica el sensible fallecimiento de don Carlos Lorca Auger (Q.E.P.D) - Consejo de Rectoras y Rectores de las Universidades Chilenas","type":"rich","width":600,"height":338,"html":"<blockquote class=\"wp-embedded-content\" data-secret=\"m001l6cLTQ\"><a href=\"https:\/\/consejoderectores.cl\/en\/2012\/10\/08\/603c6d80722cc\/\">CRUCH announces the sad passing of Mr. Carlos Lorca Auger (RIP)<\/a><\/blockquote><iframe sandbox=\"allow-scripts\" security=\"restricted\" src=\"https:\/\/consejoderectores.cl\/en\/2012\/10\/08\/603c6d80722cc\/embed\/#?secret=m001l6cLTQ\" width=\"600\" height=\"338\" title=\"&#8220;CRUCH comunica el sensible fallecimiento de don Carlos Lorca Auger (Q.E.P.D)&#8221; &#8212; Consejo de Rectoras y Rectores de las Universidades Chilenas\" data-secret=\"m001l6cLTQ\" frameborder=\"0\" marginwidth=\"0\" marginheight=\"0\" scrolling=\"no\" class=\"wp-embedded-content\"><\/iframe><script type=\"text\/javascript\">\n\/* <![CDATA[ *\/\n\/*! This file is auto-generated *\/\n!function(d,l){\"use strict\";l.querySelector&&d.addEventListener&&\"undefined\"!=typeof URL&&(d.wp=d.wp||{},d.wp.receiveEmbedMessage||(d.wp.receiveEmbedMessage=function(e){var t=e.data;if((t||t.secret||t.message||t.value)&&!\/[^a-zA-Z0-9]\/.test(t.secret)){for(var s,r,n,a=l.querySelectorAll('iframe[data-secret=\"'+t.secret+'\"]'),o=l.querySelectorAll('blockquote[data-secret=\"'+t.secret+'\"]'),c=new RegExp(\"^https?:$\",\"i\"),i=0;i<o.length;i++)o[i].style.display=\"none\";for(i=0;i<a.length;i++)s=a[i],e.source===s.contentWindow&&(s.removeAttribute(\"style\"),\"height\"===t.message?(1e3<(r=parseInt(t.value,10))?r=1e3:~~r<200&&(r=200),s.height=r):\"link\"===t.message&&(r=new URL(s.getAttribute(\"src\")),n=new URL(t.value),c.test(n.protocol))&&n.host===r.host&&l.activeElement===s&&(d.top.location.href=t.value))}},d.addEventListener(\"message\",d.wp.receiveEmbedMessage,!1),l.addEventListener(\"DOMContentLoaded\",function(){for(var e,t,s=l.querySelectorAll(\"iframe.wp-embedded-content\"),r=0;r<s.length;r++)(t=(e=s[r]).getAttribute(\"data-secret\"))||(t=Math.random().toString(36).substring(2,12),e.src+=\"#?secret=\"+t,e.setAttribute(\"data-secret\",t)),e.contentWindow.postMessage({message:\"ready\",secret:t},\"*\")},!1)))}(window,document);\n\/\/# sourceURL=https:\/\/consejoderectores.cl\/wp-includes\/js\/wp-embed.min.js\n\/* ]]> *\/\n<\/script>","thumbnail_url":"https:\/\/consejoderectores.cl\/wp-content\/uploads\/2021\/10\/declaraciones-publicas.jpg","thumbnail_width":1024,"thumbnail_height":500,"description":"El profesional fue Secretario General del CRUCH desde agosto 1991 hasta agosto de 2010 El Consejo de Rectores de las Universidades Chilenas, comunica el sensible fallecimiento del ex Secretario General de la instituci\u00f3n don Carlos Lorca Auger (Q.E.P.D). Soci\u00f3logo de la Pontificia Universidad Cat\u00f3lica de Chile, que profesionalmente se destac\u00f3 en actividades propias del quehacer [&hellip;]"}

El profesional fue Secretario General del CRUCH desde agosto 1991 hasta agosto de 2010 El Consejo de Rectores de las Universidades Chilenas, comunica el sensible fallecimiento del ex Secretario General de la institución don Carlos Lorca Auger (Q.E.P.D). Sociólogo de la Pontificia Universidad Católica de Chile, que profesionalmente se destacó en actividades propias del quehacer [&hellip;]
