{"version":"1.0","provider_name":"Council of Rectors of Chilean Universities","provider_url":"https:\/\/consejoderectores.cl\/en","title":"Consejo de Rectores expuso sobre el Ranking de Notas en la Comisi\u00f3n de Educaci\u00f3n de la C\u00e1mara - Consejo de Rectoras y Rectores de las Universidades Chilenas","type":"rich","width":600,"height":338,"html":"<blockquote class=\"wp-embedded-content\" data-secret=\"TWsEiyy2gd\"><a href=\"https:\/\/consejoderectores.cl\/en\/2012\/08\/13\/603c6d8071a23\/\">The Council of Rectors presented on the Grade Ranking to the Education Committee of the House of Representatives.<\/a><\/blockquote><iframe sandbox=\"allow-scripts\" security=\"restricted\" src=\"https:\/\/consejoderectores.cl\/en\/2012\/08\/13\/603c6d8071a23\/embed\/#?secret=TWsEiyy2gd\" width=\"600\" height=\"338\" title=\"&#8220;Consejo de Rectores expuso sobre el Ranking de Notas en la Comisi\u00f3n de Educaci\u00f3n de la C\u00e1mara&#8221; &#8212; Consejo de Rectoras y Rectores de las Universidades Chilenas\" data-secret=\"TWsEiyy2gd\" frameborder=\"0\" marginwidth=\"0\" marginheight=\"0\" scrolling=\"no\" class=\"wp-embedded-content\"><\/iframe><script type=\"text\/javascript\">\n\/* <![CDATA[ *\/\n\/*! This file is auto-generated *\/\n!function(d,l){\"use strict\";l.querySelector&&d.addEventListener&&\"undefined\"!=typeof URL&&(d.wp=d.wp||{},d.wp.receiveEmbedMessage||(d.wp.receiveEmbedMessage=function(e){var t=e.data;if((t||t.secret||t.message||t.value)&&!\/[^a-zA-Z0-9]\/.test(t.secret)){for(var s,r,n,a=l.querySelectorAll('iframe[data-secret=\"'+t.secret+'\"]'),o=l.querySelectorAll('blockquote[data-secret=\"'+t.secret+'\"]'),c=new RegExp(\"^https?:$\",\"i\"),i=0;i<o.length;i++)o[i].style.display=\"none\";for(i=0;i<a.length;i++)s=a[i],e.source===s.contentWindow&&(s.removeAttribute(\"style\"),\"height\"===t.message?(1e3<(r=parseInt(t.value,10))?r=1e3:~~r<200&&(r=200),s.height=r):\"link\"===t.message&&(r=new URL(s.getAttribute(\"src\")),n=new URL(t.value),c.test(n.protocol))&&n.host===r.host&&l.activeElement===s&&(d.top.location.href=t.value))}},d.addEventListener(\"message\",d.wp.receiveEmbedMessage,!1),l.addEventListener(\"DOMContentLoaded\",function(){for(var e,t,s=l.querySelectorAll(\"iframe.wp-embedded-content\"),r=0;r<s.length;r++)(t=(e=s[r]).getAttribute(\"data-secret\"))||(t=Math.random().toString(36).substring(2,12),e.src+=\"#?secret=\"+t,e.setAttribute(\"data-secret\",t)),e.contentWindow.postMessage({message:\"ready\",secret:t},\"*\")},!1)))}(window,document);\n\/\/# sourceURL=https:\/\/consejoderectores.cl\/wp-includes\/js\/wp-embed.min.js\n\/* ]]> *\/\n<\/script>","thumbnail_url":"https:\/\/consejoderectores.cl\/wp-content\/uploads\/2021\/10\/declaraciones-publicas.jpg","thumbnail_width":1024,"thumbnail_height":500,"description":"El vicepresidente ejecutivo del CRUCH, Juan Manuel Zolezzi, valor\u00f3 positivamente la recepci\u00f3n de los parlamentarios al nuevo instrumento y asegur\u00f3 que \u00abvamos \u00a0en el camino correcto, apuntado hacia la equidad\u00bb. En el edificio del Ex Congreso Nacional de Santiago se realiz\u00f3 una sesi\u00f3n especial de la C\u00e1mara de Diputados donde fue invitado el vicepresidente ejecutivo [&hellip;]"}

Consejo de Rectores expuso sobre el Ranking de Notas en la Comisión de Educación de la Cámara - Consejo de Rectoras y Rectores de las Universidades Chilenas

<blockquote class="wp-embedded-content" data-secret="TWsEiyy2gd"><a href="https://consejoderectores.cl/en/2012/08/13/603c6d8071a23/">The Council of Rectors presented on the Grade Ranking to the Education Committee of the House of Representatives.</a></blockquote><iframe sandbox="allow-scripts" security="restricted" src="https://consejoderectores.cl/en/2012/08/13/603c6d8071a23/embed/#?secret=TWsEiyy2gd" width="600" height="338" title="&#8220;Consejo de Rectores expuso sobre el Ranking de Notas en la Comisión de Educación de la Cámara&#8221; &#8212; Consejo de Rectoras y Rectores de las Universidades Chilenas" data-secret="TWsEiyy2gd" frameborder="0" marginwidth="0" marginheight="0" scrolling="no" class="wp-embedded-content"></iframe><script type="text/javascript">
/* <![CDATA[ */
/*! This file is auto-generated */
!function(d,l){"use strict";l.querySelector&&d.addEventListener&&"undefined"!=typeof URL&&(d.wp=d.wp||{},d.wp.receiveEmbedMessage||(d.wp.receiveEmbedMessage=function(e){var t=e.data;if((t||t.secret||t.message||t.value)&&!/[^a-zA-Z0-9]/.test(t.secret)){for(var s,r,n,a=l.querySelectorAll('iframe[data-secret="'+t.secret+'"]'),o=l.querySelectorAll('blockquote[data-secret="'+t.secret+'"]'),c=new RegExp("^https?:$","i"),i=0;i<o.length;i++)o[i].style.display="none";for(i=0;i<a.length;i++)s=a[i],e.source===s.contentWindow&&(s.removeAttribute("style"),"height"===t.message?(1e3<(r=parseInt(t.value,10))?r=1e3:~~r<200&&(r=200),s.height=r):"link"===t.message&&(r=new URL(s.getAttribute("src")),n=new URL(t.value),c.test(n.protocol))&&n.host===r.host&&l.activeElement===s&&(d.top.location.href=t.value))}},d.addEventListener("message",d.wp.receiveEmbedMessage,!1),l.addEventListener("DOMContentLoaded",function(){for(var e,t,s=l.querySelectorAll("iframe.wp-embedded-content"),r=0;r<s.length;r++)(t=(e=s[r]).getAttribute("data-secret"))||(t=Math.random().toString(36).substring(2,12),e.src+="#?secret="+t,e.setAttribute("data-secret",t)),e.contentWindow.postMessage({message:"ready",secret:t},"*")},!1)))}(window,document);
//# sourceURL=https://consejoderectores.cl/wp-includes/js/wp-embed.min.js
/* ]]> */
</script>

El vicepresidente ejecutivo del CRUCH, Juan Manuel Zolezzi, valoró positivamente la recepción de los parlamentarios al nuevo instrumento y aseguró que «vamos  en el camino correcto, apuntado hacia la equidad». En el edificio del Ex Congreso Nacional de Santiago se realizó una sesión especial de la Cámara de Diputados donde fue invitado el vicepresidente ejecutivo [&hellip;]
